{"id":660,"date":"2025-07-15T16:09:15","date_gmt":"2025-07-15T16:09:15","guid":{"rendered":"https:\/\/zonadegestacion.com\/?page_id=660"},"modified":"2025-09-10T17:13:47","modified_gmt":"2025-09-10T17:13:47","slug":"local","status":"publish","type":"page","link":"https:\/\/zonadegestacion.com\/?page_id=660","title":{"rendered":"LOCAL"},"content":{"rendered":"\t\t<div data-elementor-type=\"wp-page\" data-elementor-id=\"660\" class=\"elementor elementor-660\" data-elementor-post-type=\"page\">\n\t\t\t\t\t\t<section class=\"elementor-section elementor-top-section elementor-element elementor-element-aaa126f elementor-section-full_width elementor-section-height-default elementor-section-height-default\" data-id=\"aaa126f\" data-element_type=\"section\">\n\t\t\t\t\t\t<div class=\"elementor-container elementor-column-gap-default\">\n\t\t\t\t\t<div class=\"elementor-column elementor-col-100 elementor-top-column elementor-element elementor-element-aef108a\" data-id=\"aef108a\" data-element_type=\"column\">\n\t\t\t<div class=\"elementor-widget-wrap elementor-element-populated\">\n\t\t\t\t\t\t<div class=\"elementor-element elementor-element-ff02059 elementor-widget elementor-widget-heading\" data-id=\"ff02059\" data-element_type=\"widget\" data-widget_type=\"heading.default\">\n\t\t\t\t<div class=\"elementor-widget-container\">\n\t\t\t\t\t<h2 class=\"elementor-heading-title elementor-size-default\">LOCAL<\/h2>\t\t\t\t<\/div>\n\t\t\t\t<\/div>\n\t\t\t\t\t<\/div>\n\t\t<\/div>\n\t\t\t\t\t<\/div>\n\t\t<\/section>\n\t\t\t\t<section class=\"elementor-section elementor-top-section elementor-element elementor-element-464bcaf elementor-section-full_width elementor-section-height-default elementor-section-height-default\" data-id=\"464bcaf\" data-element_type=\"section\">\n\t\t\t\t\t\t<div class=\"elementor-container elementor-column-gap-default\">\n\t\t\t\t\t<div class=\"elementor-column elementor-col-100 elementor-top-column elementor-element elementor-element-5f3969e\" data-id=\"5f3969e\" data-element_type=\"column\">\n\t\t\t<div class=\"elementor-widget-wrap elementor-element-populated\">\n\t\t\t\t\t\t<div class=\"elementor-element elementor-element-bdfaf14 elementor-widget elementor-widget-text-editor\" data-id=\"bdfaf14\" data-element_type=\"widget\" data-widget_type=\"text-editor.default\">\n\t\t\t\t<div class=\"elementor-widget-container\">\n\t\t\t\t\t\t\t\t\t<h1>DISE\u00d1O DE IDENTIDAD VISUAL<\/h1>\t\t\t\t\t\t\t\t<\/div>\n\t\t\t\t<\/div>\n\t\t\t\t<div class=\"elementor-element elementor-element-3b241bb elementor-widget elementor-widget-text-editor\" data-id=\"3b241bb\" data-element_type=\"widget\" data-widget_type=\"text-editor.default\">\n\t\t\t\t<div class=\"elementor-widget-container\">\n\t\t\t\t\t\t\t\t\t<p>LOCAL es una marca que vincula al dise\u00f1o con artesan\u00eda ecuatoriana. Buscamos rescatar la identidad y el origen de los productos y, as\u00ed, lograr la permanencia de los procesos tradicionales de nuestro pa\u00eds. El nombre LOCAL tiene el mismo significado en varios idiomas y destaca una procedencia, de esta manera, relacionamos lo local con lo global \u2013 glocal. La marca es neutra, vers\u00e1til y adaptable, comunicando siempre su esencia.<\/p>\t\t\t\t\t\t\t\t<\/div>\n\t\t\t\t<\/div>\n\t\t\t\t\t<\/div>\n\t\t<\/div>\n\t\t\t\t\t<\/div>\n\t\t<\/section>\n\t\t\t\t<section class=\"elementor-section elementor-top-section elementor-element elementor-element-a390982 elementor-section-boxed elementor-section-height-default elementor-section-height-default\" data-id=\"a390982\" data-element_type=\"section\">\n\t\t\t\t\t\t<div class=\"elementor-container elementor-column-gap-no\">\n\t\t\t\t\t<div class=\"elementor-column elementor-col-100 elementor-top-column elementor-element elementor-element-929a885\" data-id=\"929a885\" data-element_type=\"column\">\n\t\t\t<div class=\"elementor-widget-wrap elementor-element-populated\">\n\t\t\t\t\t\t<div class=\"elementor-element elementor-element-3515952 elementor-widget elementor-widget-video\" data-id=\"3515952\" data-element_type=\"widget\" data-settings=\"{&quot;video_type&quot;:&quot;hosted&quot;,&quot;autoplay&quot;:&quot;yes&quot;}\" data-widget_type=\"video.default\">\n\t\t\t\t<div class=\"elementor-widget-container\">\n\t\t\t\t\t\t\t<div class=\"e-hosted-video elementor-wrapper elementor-open-inline\">\n\t\t\t\t\t<video class=\"elementor-video\" src=\"https:\/\/zonadegestacion.com\/wp-content\/uploads\/2025\/07\/Comp-1_1.mp4\" autoplay=\"\" controlsList=\"nodownload\"><\/video>\n\t\t\t\t<\/div>\n\t\t\t\t\t\t<\/div>\n\t\t\t\t<\/div>\n\t\t\t\t<div class=\"elementor-element elementor-element-6e483cb elementor-widget elementor-widget-image\" data-id=\"6e483cb\" data-element_type=\"widget\" data-widget_type=\"image.default\">\n\t\t\t\t<div class=\"elementor-widget-container\">\n\t\t\t\t\t\t\t\t\t\t\t\t\t\t\t<img fetchpriority=\"high\" decoding=\"async\" width=\"1024\" height=\"724\" src=\"https:\/\/zonadegestacion.com\/wp-content\/uploads\/2025\/07\/behance_Mesa-de-trabajo-1-1024x724.jpg\" class=\"attachment-large size-large wp-image-678\" alt=\"\" srcset=\"https:\/\/zonadegestacion.com\/wp-content\/uploads\/2025\/07\/behance_Mesa-de-trabajo-1-1024x724.jpg 1024w, https:\/\/zonadegestacion.com\/wp-content\/uploads\/2025\/07\/behance_Mesa-de-trabajo-1-300x212.jpg 300w, https:\/\/zonadegestacion.com\/wp-content\/uploads\/2025\/07\/behance_Mesa-de-trabajo-1-768x543.jpg 768w, https:\/\/zonadegestacion.com\/wp-content\/uploads\/2025\/07\/behance_Mesa-de-trabajo-1-1536x1086.jpg 1536w, https:\/\/zonadegestacion.com\/wp-content\/uploads\/2025\/07\/behance_Mesa-de-trabajo-1-2048x1448.jpg 2048w\" sizes=\"(max-width: 1024px) 100vw, 1024px\" \/>\t\t\t\t\t\t\t\t\t\t\t\t\t\t\t<\/div>\n\t\t\t\t<\/div>\n\t\t\t\t<div class=\"elementor-element elementor-element-777b949 elementor-widget elementor-widget-image\" data-id=\"777b949\" data-element_type=\"widget\" data-widget_type=\"image.default\">\n\t\t\t\t<div class=\"elementor-widget-container\">\n\t\t\t\t\t\t\t\t\t\t\t\t\t\t\t<img decoding=\"async\" width=\"1024\" height=\"724\" src=\"https:\/\/zonadegestacion.com\/wp-content\/uploads\/2025\/07\/behance_Mesa-de-trabajo-1-copia-1024x724.jpg\" class=\"attachment-large size-large wp-image-679\" alt=\"\" srcset=\"https:\/\/zonadegestacion.com\/wp-content\/uploads\/2025\/07\/behance_Mesa-de-trabajo-1-copia-1024x724.jpg 1024w, https:\/\/zonadegestacion.com\/wp-content\/uploads\/2025\/07\/behance_Mesa-de-trabajo-1-copia-300x212.jpg 300w, https:\/\/zonadegestacion.com\/wp-content\/uploads\/2025\/07\/behance_Mesa-de-trabajo-1-copia-768x543.jpg 768w, https:\/\/zonadegestacion.com\/wp-content\/uploads\/2025\/07\/behance_Mesa-de-trabajo-1-copia-1536x1086.jpg 1536w, https:\/\/zonadegestacion.com\/wp-content\/uploads\/2025\/07\/behance_Mesa-de-trabajo-1-copia-2048x1448.jpg 2048w\" sizes=\"(max-width: 1024px) 100vw, 1024px\" \/>\t\t\t\t\t\t\t\t\t\t\t\t\t\t\t<\/div>\n\t\t\t\t<\/div>\n\t\t\t\t<div class=\"elementor-element elementor-element-c0125ce elementor-widget elementor-widget-video\" data-id=\"c0125ce\" data-element_type=\"widget\" data-settings=\"{&quot;video_type&quot;:&quot;hosted&quot;,&quot;controls&quot;:&quot;yes&quot;}\" data-widget_type=\"video.default\">\n\t\t\t\t<div class=\"elementor-widget-container\">\n\t\t\t\t\t\t\t<div class=\"e-hosted-video elementor-wrapper elementor-open-inline\">\n\t\t\t\t\t<video class=\"elementor-video\" src=\"https:\/\/zonadegestacion.com\/wp-content\/uploads\/2025\/07\/palabras.mp4\" controls=\"\" preload=\"metadata\" controlsList=\"nodownload\"><\/video>\n\t\t\t\t<\/div>\n\t\t\t\t\t\t<\/div>\n\t\t\t\t<\/div>\n\t\t\t\t<div class=\"elementor-element elementor-element-3bb3af8 elementor-widget elementor-widget-image\" data-id=\"3bb3af8\" data-element_type=\"widget\" data-widget_type=\"image.default\">\n\t\t\t\t<div class=\"elementor-widget-container\">\n\t\t\t\t\t\t\t\t\t\t\t\t\t\t\t<img decoding=\"async\" width=\"1024\" height=\"632\" src=\"https:\/\/zonadegestacion.com\/wp-content\/uploads\/2025\/07\/behance_Mesa-de-trabajo-1-copia-2-1024x632.jpg\" class=\"attachment-large size-large wp-image-677\" alt=\"\" srcset=\"https:\/\/zonadegestacion.com\/wp-content\/uploads\/2025\/07\/behance_Mesa-de-trabajo-1-copia-2-1024x632.jpg 1024w, https:\/\/zonadegestacion.com\/wp-content\/uploads\/2025\/07\/behance_Mesa-de-trabajo-1-copia-2-300x185.jpg 300w, https:\/\/zonadegestacion.com\/wp-content\/uploads\/2025\/07\/behance_Mesa-de-trabajo-1-copia-2-768x474.jpg 768w, https:\/\/zonadegestacion.com\/wp-content\/uploads\/2025\/07\/behance_Mesa-de-trabajo-1-copia-2-1536x947.jpg 1536w, https:\/\/zonadegestacion.com\/wp-content\/uploads\/2025\/07\/behance_Mesa-de-trabajo-1-copia-2-2048x1263.jpg 2048w\" sizes=\"(max-width: 1024px) 100vw, 1024px\" \/>\t\t\t\t\t\t\t\t\t\t\t\t\t\t\t<\/div>\n\t\t\t\t<\/div>\n\t\t\t\t<div class=\"elementor-element elementor-element-fea3534 elementor-widget elementor-widget-image\" data-id=\"fea3534\" data-element_type=\"widget\" data-widget_type=\"image.default\">\n\t\t\t\t<div class=\"elementor-widget-container\">\n\t\t\t\t\t\t\t\t\t\t\t\t\t\t\t<img loading=\"lazy\" decoding=\"async\" width=\"844\" height=\"1024\" src=\"https:\/\/zonadegestacion.com\/wp-content\/uploads\/2025\/07\/behance_Mesa-de-trabajo-1-copia-3-844x1024.jpg\" class=\"attachment-large size-large wp-image-680\" alt=\"\" srcset=\"https:\/\/zonadegestacion.com\/wp-content\/uploads\/2025\/07\/behance_Mesa-de-trabajo-1-copia-3-844x1024.jpg 844w, https:\/\/zonadegestacion.com\/wp-content\/uploads\/2025\/07\/behance_Mesa-de-trabajo-1-copia-3-247x300.jpg 247w, https:\/\/zonadegestacion.com\/wp-content\/uploads\/2025\/07\/behance_Mesa-de-trabajo-1-copia-3-768x932.jpg 768w, https:\/\/zonadegestacion.com\/wp-content\/uploads\/2025\/07\/behance_Mesa-de-trabajo-1-copia-3-1266x1536.jpg 1266w, https:\/\/zonadegestacion.com\/wp-content\/uploads\/2025\/07\/behance_Mesa-de-trabajo-1-copia-3-1687x2048.jpg 1687w\" sizes=\"(max-width: 844px) 100vw, 844px\" \/>\t\t\t\t\t\t\t\t\t\t\t\t\t\t\t<\/div>\n\t\t\t\t<\/div>\n\t\t\t\t<div class=\"elementor-element elementor-element-bbde7af elementor-widget elementor-widget-image\" data-id=\"bbde7af\" data-element_type=\"widget\" data-widget_type=\"image.default\">\n\t\t\t\t<div class=\"elementor-widget-container\">\n\t\t\t\t\t\t\t\t\t\t\t\t\t\t\t<img loading=\"lazy\" decoding=\"async\" width=\"862\" height=\"1024\" src=\"https:\/\/zonadegestacion.com\/wp-content\/uploads\/2025\/07\/behance_Mesa-de-trabajo-1-copia-4-862x1024.jpg\" class=\"attachment-large size-large wp-image-681\" alt=\"\" srcset=\"https:\/\/zonadegestacion.com\/wp-content\/uploads\/2025\/07\/behance_Mesa-de-trabajo-1-copia-4-862x1024.jpg 862w, https:\/\/zonadegestacion.com\/wp-content\/uploads\/2025\/07\/behance_Mesa-de-trabajo-1-copia-4-252x300.jpg 252w, https:\/\/zonadegestacion.com\/wp-content\/uploads\/2025\/07\/behance_Mesa-de-trabajo-1-copia-4-768x912.jpg 768w, https:\/\/zonadegestacion.com\/wp-content\/uploads\/2025\/07\/behance_Mesa-de-trabajo-1-copia-4-1293x1536.jpg 1293w, https:\/\/zonadegestacion.com\/wp-content\/uploads\/2025\/07\/behance_Mesa-de-trabajo-1-copia-4-1724x2048.jpg 1724w\" sizes=\"(max-width: 862px) 100vw, 862px\" \/>\t\t\t\t\t\t\t\t\t\t\t\t\t\t\t<\/div>\n\t\t\t\t<\/div>\n\t\t\t\t<div class=\"elementor-element elementor-element-78531e2 elementor-widget elementor-widget-image\" data-id=\"78531e2\" data-element_type=\"widget\" data-widget_type=\"image.default\">\n\t\t\t\t<div class=\"elementor-widget-container\">\n\t\t\t\t\t\t\t\t\t\t\t\t\t\t\t<img loading=\"lazy\" decoding=\"async\" width=\"1024\" height=\"238\" src=\"https:\/\/zonadegestacion.com\/wp-content\/uploads\/2025\/07\/behance-06-1024x238.jpg\" class=\"attachment-large size-large wp-image-682\" alt=\"\" srcset=\"https:\/\/zonadegestacion.com\/wp-content\/uploads\/2025\/07\/behance-06-1024x238.jpg 1024w, https:\/\/zonadegestacion.com\/wp-content\/uploads\/2025\/07\/behance-06-300x70.jpg 300w, https:\/\/zonadegestacion.com\/wp-content\/uploads\/2025\/07\/behance-06-768x178.jpg 768w, https:\/\/zonadegestacion.com\/wp-content\/uploads\/2025\/07\/behance-06-1536x357.jpg 1536w, https:\/\/zonadegestacion.com\/wp-content\/uploads\/2025\/07\/behance-06-2048x476.jpg 2048w\" sizes=\"(max-width: 1024px) 100vw, 1024px\" \/>\t\t\t\t\t\t\t\t\t\t\t\t\t\t\t<\/div>\n\t\t\t\t<\/div>\n\t\t\t\t<div class=\"elementor-element elementor-element-9c15f53 elementor-widget elementor-widget-image\" data-id=\"9c15f53\" data-element_type=\"widget\" data-widget_type=\"image.default\">\n\t\t\t\t<div class=\"elementor-widget-container\">\n\t\t\t\t\t\t\t\t\t\t\t\t\t\t\t<img loading=\"lazy\" decoding=\"async\" width=\"633\" height=\"1024\" src=\"https:\/\/zonadegestacion.com\/wp-content\/uploads\/2025\/07\/behance_Mesa-de-trabajo-1-copia-6-633x1024.jpg\" class=\"attachment-large size-large wp-image-684\" alt=\"\" srcset=\"https:\/\/zonadegestacion.com\/wp-content\/uploads\/2025\/07\/behance_Mesa-de-trabajo-1-copia-6-633x1024.jpg 633w, https:\/\/zonadegestacion.com\/wp-content\/uploads\/2025\/07\/behance_Mesa-de-trabajo-1-copia-6-185x300.jpg 185w, https:\/\/zonadegestacion.com\/wp-content\/uploads\/2025\/07\/behance_Mesa-de-trabajo-1-copia-6-768x1243.jpg 768w, https:\/\/zonadegestacion.com\/wp-content\/uploads\/2025\/07\/behance_Mesa-de-trabajo-1-copia-6-949x1536.jpg 949w, https:\/\/zonadegestacion.com\/wp-content\/uploads\/2025\/07\/behance_Mesa-de-trabajo-1-copia-6-1266x2048.jpg 1266w, https:\/\/zonadegestacion.com\/wp-content\/uploads\/2025\/07\/behance_Mesa-de-trabajo-1-copia-6-scaled.jpg 1582w\" sizes=\"(max-width: 633px) 100vw, 633px\" \/>\t\t\t\t\t\t\t\t\t\t\t\t\t\t\t<\/div>\n\t\t\t\t<\/div>\n\t\t\t\t<div class=\"elementor-element elementor-element-6f3dffa elementor-widget elementor-widget-image\" data-id=\"6f3dffa\" data-element_type=\"widget\" data-widget_type=\"image.default\">\n\t\t\t\t<div class=\"elementor-widget-container\">\n\t\t\t\t\t\t\t\t\t\t\t\t\t\t\t<img loading=\"lazy\" decoding=\"async\" width=\"633\" height=\"1024\" src=\"https:\/\/zonadegestacion.com\/wp-content\/uploads\/2025\/07\/behance_Mesa-de-trabajo-1-copia-5-633x1024.jpg\" class=\"attachment-large size-large wp-image-683\" alt=\"\" srcset=\"https:\/\/zonadegestacion.com\/wp-content\/uploads\/2025\/07\/behance_Mesa-de-trabajo-1-copia-5-633x1024.jpg 633w, https:\/\/zonadegestacion.com\/wp-content\/uploads\/2025\/07\/behance_Mesa-de-trabajo-1-copia-5-185x300.jpg 185w, https:\/\/zonadegestacion.com\/wp-content\/uploads\/2025\/07\/behance_Mesa-de-trabajo-1-copia-5-768x1243.jpg 768w, https:\/\/zonadegestacion.com\/wp-content\/uploads\/2025\/07\/behance_Mesa-de-trabajo-1-copia-5-949x1536.jpg 949w, https:\/\/zonadegestacion.com\/wp-content\/uploads\/2025\/07\/behance_Mesa-de-trabajo-1-copia-5-1266x2048.jpg 1266w, https:\/\/zonadegestacion.com\/wp-content\/uploads\/2025\/07\/behance_Mesa-de-trabajo-1-copia-5-scaled.jpg 1582w\" sizes=\"(max-width: 633px) 100vw, 633px\" \/>\t\t\t\t\t\t\t\t\t\t\t\t\t\t\t<\/div>\n\t\t\t\t<\/div>\n\t\t\t\t<div class=\"elementor-element elementor-element-681987e elementor-widget elementor-widget-video\" data-id=\"681987e\" data-element_type=\"widget\" data-settings=\"{&quot;video_type&quot;:&quot;hosted&quot;,&quot;controls&quot;:&quot;yes&quot;}\" data-widget_type=\"video.default\">\n\t\t\t\t<div class=\"elementor-widget-container\">\n\t\t\t\t\t\t\t<div class=\"e-hosted-video elementor-wrapper elementor-open-inline\">\n\t\t\t\t\t<video class=\"elementor-video\" src=\"https:\/\/zonadegestacion.com\/wp-content\/uploads\/2025\/07\/Comp-2-1.mp4\" controls=\"\" preload=\"metadata\" controlsList=\"nodownload\"><\/video>\n\t\t\t\t<\/div>\n\t\t\t\t\t\t<\/div>\n\t\t\t\t<\/div>\n\t\t\t\t\t<\/div>\n\t\t<\/div>\n\t\t\t\t\t<\/div>\n\t\t<\/section>\n\t\t\t\t<section class=\"elementor-section elementor-top-section elementor-element elementor-element-ce2ae47 elementor-section-boxed elementor-section-height-default elementor-section-height-default\" data-id=\"ce2ae47\" data-element_type=\"section\">\n\t\t\t\t\t\t<div class=\"elementor-container elementor-column-gap-default\">\n\t\t\t\t\t<div class=\"elementor-column elementor-col-100 elementor-top-column elementor-element elementor-element-12a20cb\" data-id=\"12a20cb\" data-element_type=\"column\">\n\t\t\t<div class=\"elementor-widget-wrap elementor-element-populated\">\n\t\t\t\t\t\t<div class=\"elementor-element elementor-element-e963257 elementor-widget elementor-widget-image\" data-id=\"e963257\" data-element_type=\"widget\" data-widget_type=\"image.default\">\n\t\t\t\t<div class=\"elementor-widget-container\">\n\t\t\t\t\t\t\t\t\t\t\t\t\t\t\t<img loading=\"lazy\" decoding=\"async\" width=\"1024\" height=\"135\" src=\"https:\/\/zonadegestacion.com\/wp-content\/uploads\/2025\/07\/behance_Mesa-de-trabajo-1-2-1024x135.jpg\" class=\"attachment-large size-large wp-image-1193\" alt=\"\" srcset=\"https:\/\/zonadegestacion.com\/wp-content\/uploads\/2025\/07\/behance_Mesa-de-trabajo-1-2-1024x135.jpg 1024w, https:\/\/zonadegestacion.com\/wp-content\/uploads\/2025\/07\/behance_Mesa-de-trabajo-1-2-300x40.jpg 300w, https:\/\/zonadegestacion.com\/wp-content\/uploads\/2025\/07\/behance_Mesa-de-trabajo-1-2-768x102.jpg 768w, https:\/\/zonadegestacion.com\/wp-content\/uploads\/2025\/07\/behance_Mesa-de-trabajo-1-2-1536x203.jpg 1536w, https:\/\/zonadegestacion.com\/wp-content\/uploads\/2025\/07\/behance_Mesa-de-trabajo-1-2.jpg 1921w\" sizes=\"(max-width: 1024px) 100vw, 1024px\" \/>\t\t\t\t\t\t\t\t\t\t\t\t\t\t\t<\/div>\n\t\t\t\t<\/div>\n\t\t\t\t\t<\/div>\n\t\t<\/div>\n\t\t\t\t\t<\/div>\n\t\t<\/section>\n\t\t\t\t<section class=\"elementor-section elementor-top-section elementor-element elementor-element-bc8f2db elementor-section-boxed elementor-section-height-default elementor-section-height-default\" data-id=\"bc8f2db\" data-element_type=\"section\">\n\t\t\t\t\t\t<div class=\"elementor-container elementor-column-gap-default\">\n\t\t\t\t\t<div class=\"elementor-column elementor-col-100 elementor-top-column elementor-element elementor-element-8bc9513\" data-id=\"8bc9513\" data-element_type=\"column\">\n\t\t\t<div class=\"elementor-widget-wrap elementor-element-populated\">\n\t\t\t\t\t\t<div class=\"elementor-element elementor-element-b61612f elementor-widget elementor-widget-text-editor\" data-id=\"b61612f\" data-element_type=\"widget\" data-widget_type=\"text-editor.default\">\n\t\t\t\t<div class=\"elementor-widget-container\">\n\t\t\t\t\t\t\t\t\t<div>\u00a0<\/div><div class=\"main-text\"><span class=\"texteditor-inline-fontsize\">Client: Local<br \/>Creative Direction: Felipe Tr\u00e1vez, Dise\u00f1o Probeta.<\/span><\/div><div class=\"main-text\"><span class=\"texteditor-inline-fontsize\">Brand Design: Paola Banderas<br \/>Graphic Design: Brissa V\u00e1squez<\/span><\/div><div class=\"main-text\"><span class=\"texteditor-inline-fontsize\">Patrons: Brissa V\u00e1squez\u00a0<br \/>Display and animation: Brissa V\u00e1squez<br \/>Mockups: Brissa V\u00e1squez<br \/>Year: 2021<\/span><\/div><div>\u00a0<\/div>\t\t\t\t\t\t\t\t<\/div>\n\t\t\t\t<\/div>\n\t\t\t\t\t<\/div>\n\t\t<\/div>\n\t\t\t\t\t<\/div>\n\t\t<\/section>\n\t\t\t\t<section class=\"elementor-section elementor-top-section elementor-element elementor-element-62cf6eb elementor-section-full_width elementor-section-height-default elementor-section-height-default\" data-id=\"62cf6eb\" data-element_type=\"section\">\n\t\t\t\t\t\t<div class=\"elementor-container elementor-column-gap-default\">\n\t\t\t\t\t<div class=\"elementor-column elementor-col-100 elementor-top-column elementor-element elementor-element-743b646\" data-id=\"743b646\" data-element_type=\"column\">\n\t\t\t<div class=\"elementor-widget-wrap elementor-element-populated\">\n\t\t\t\t\t\t<div class=\"elementor-element elementor-element-8d45f59 elementor-widget-divider--view-line elementor-widget elementor-widget-divider\" data-id=\"8d45f59\" data-element_type=\"widget\" data-widget_type=\"divider.default\">\n\t\t\t\t<div class=\"elementor-widget-container\">\n\t\t\t\t\t\t\t<div class=\"elementor-divider\">\n\t\t\t<span class=\"elementor-divider-separator\">\n\t\t\t\t\t\t<\/span>\n\t\t<\/div>\n\t\t\t\t\t\t<\/div>\n\t\t\t\t<\/div>\n\t\t\t\t\t<\/div>\n\t\t<\/div>\n\t\t\t\t\t<\/div>\n\t\t<\/section>\n\t\t\t\t<section class=\"elementor-section elementor-top-section elementor-element elementor-element-e8c989f elementor-section-full_width elementor-section-height-default elementor-section-height-default\" data-id=\"e8c989f\" data-element_type=\"section\">\n\t\t\t\t\t\t<div class=\"elementor-container elementor-column-gap-default\">\n\t\t\t\t\t<div class=\"elementor-column elementor-col-100 elementor-top-column elementor-element elementor-element-5a582c3\" data-id=\"5a582c3\" data-element_type=\"column\">\n\t\t\t<div class=\"elementor-widget-wrap elementor-element-populated\">\n\t\t\t\t\t\t<div class=\"elementor-element elementor-element-b5d1ea3 elementor-widget elementor-widget-text-editor\" data-id=\"b5d1ea3\" data-element_type=\"widget\" data-widget_type=\"text-editor.default\">\n\t\t\t\t<div class=\"elementor-widget-container\">\n\t\t\t\t\t\t\t\t\t<p>SIGUIENTE PROYECTO<\/p>\t\t\t\t\t\t\t\t<\/div>\n\t\t\t\t<\/div>\n\t\t\t\t\t<\/div>\n\t\t<\/div>\n\t\t\t\t\t<\/div>\n\t\t<\/section>\n\t\t\t\t<section class=\"elementor-section elementor-top-section elementor-element elementor-element-cb95bde elementor-section-full_width elementor-section-height-default elementor-section-height-default\" data-id=\"cb95bde\" data-element_type=\"section\">\n\t\t\t\t\t\t<div class=\"elementor-container elementor-column-gap-default\">\n\t\t\t\t\t<div class=\"elementor-column elementor-col-100 elementor-top-column elementor-element elementor-element-a7c0f33\" data-id=\"a7c0f33\" data-element_type=\"column\">\n\t\t\t<div class=\"elementor-widget-wrap elementor-element-populated\">\n\t\t\t\t\t\t<div class=\"elementor-element elementor-element-bb9549a elementor-widget elementor-widget-heading\" data-id=\"bb9549a\" data-element_type=\"widget\" data-widget_type=\"heading.default\">\n\t\t\t\t<div class=\"elementor-widget-container\">\n\t\t\t\t\t<h2 class=\"elementor-heading-title elementor-size-default\">MUSAP<\/h2>\t\t\t\t<\/div>\n\t\t\t\t<\/div>\n\t\t\t\t\t<\/div>\n\t\t<\/div>\n\t\t\t\t\t<\/div>\n\t\t<\/section>\n\t\t\t\t<section class=\"elementor-section elementor-top-section elementor-element elementor-element-f37247d elementor-section-full_width elementor-section-height-default elementor-section-height-default\" data-id=\"f37247d\" data-element_type=\"section\">\n\t\t\t\t\t\t<div class=\"elementor-container elementor-column-gap-default\">\n\t\t\t\t\t<div class=\"elementor-column elementor-col-100 elementor-top-column elementor-element elementor-element-161669a\" data-id=\"161669a\" data-element_type=\"column\">\n\t\t\t<div class=\"elementor-widget-wrap elementor-element-populated\">\n\t\t\t\t\t\t<div class=\"elementor-element elementor-element-a209a07 elementor-flip-box--effect-fade elementor-widget elementor-widget-flip-box\" data-id=\"a209a07\" data-element_type=\"widget\" data-widget_type=\"flip-box.default\">\n\t\t\t\t<div class=\"elementor-widget-container\">\n\t\t\t\t\t\t\t<div class=\"elementor-flip-box\" tabindex=\"0\">\n\t\t\t<div class=\"elementor-flip-box__layer elementor-flip-box__front\">\n\t\t\t\t<div class=\"elementor-flip-box__layer__overlay\">\n\t\t\t\t\t<div class=\"elementor-flip-box__layer__inner\">\n\t\t\t\t\t\t\n\t\t\t\t\t\t\n\t\t\t\t\t\t\t\t\t\t\t<\/div>\n\t\t\t\t<\/div>\n\t\t\t<\/div>\n\t\t\t<a class=\"elementor-flip-box__layer elementor-flip-box__back\" href=\"https:\/\/zonadegestacion.com\/?page_id=1079\" target=\"_blank\">\n\t\t\t<div class=\"elementor-flip-box__layer__overlay\">\n\t\t\t\t<div class=\"elementor-flip-box__layer__inner\">\n\t\t\t\t\t\n\t\t\t\t\t\t\t\t\t\t\t<div class=\"elementor-flip-box__layer__description\">\n\t\t\t\t\t\t\t\n\t\t\t\t\t\t<\/div>\n\t\t\t\t\t\n\t\t\t\t\t\t\t\t<\/div>\n\t\t<\/div>\n\t\t<\/a>\n\t\t<\/div>\n\t\t\t\t\t\t<\/div>\n\t\t\t\t<\/div>\n\t\t\t\t\t<\/div>\n\t\t<\/div>\n\t\t\t\t\t<\/div>\n\t\t<\/section>\n\t\t\t\t<\/div>\n\t\t","protected":false},"excerpt":{"rendered":"<p>LOCAL DISE\u00d1O DE IDENTIDAD VISUAL LOCAL es una marca que vincula al dise\u00f1o con artesan\u00eda ecuatoriana. Buscamos rescatar la identidad y el origen de los productos y, as\u00ed, lograr la permanencia de los procesos tradicionales de nuestro pa\u00eds. El nombre LOCAL tiene el mismo significado en varios idiomas y destaca una procedencia, de esta manera, [&hellip;]<\/p>\n","protected":false},"author":2,"featured_media":0,"parent":0,"menu_order":0,"comment_status":"closed","ping_status":"closed","template":"elementor_header_footer","meta":{"footnotes":""},"class_list":["post-660","page","type-page","status-publish","hentry","entry"],"_links":{"self":[{"href":"https:\/\/zonadegestacion.com\/index.php?rest_route=\/wp\/v2\/pages\/660","targetHints":{"allow":["GET"]}}],"collection":[{"href":"https:\/\/zonadegestacion.com\/index.php?rest_route=\/wp\/v2\/pages"}],"about":[{"href":"https:\/\/zonadegestacion.com\/index.php?rest_route=\/wp\/v2\/types\/page"}],"author":[{"embeddable":true,"href":"https:\/\/zonadegestacion.com\/index.php?rest_route=\/wp\/v2\/users\/2"}],"replies":[{"embeddable":true,"href":"https:\/\/zonadegestacion.com\/index.php?rest_route=%2Fwp%2Fv2%2Fcomments&post=660"}],"version-history":[{"count":118,"href":"https:\/\/zonadegestacion.com\/index.php?rest_route=\/wp\/v2\/pages\/660\/revisions"}],"predecessor-version":[{"id":1482,"href":"https:\/\/zonadegestacion.com\/index.php?rest_route=\/wp\/v2\/pages\/660\/revisions\/1482"}],"wp:attachment":[{"href":"https:\/\/zonadegestacion.com\/index.php?rest_route=%2Fwp%2Fv2%2Fmedia&parent=660"}],"curies":[{"name":"wp","href":"https:\/\/api.w.org\/{rel}","templated":true}]}}